st common factor of d and 9.
9
Let p be 60/(-16)*(14 - -2). Let c = p - -78. Calculate the highest common factor of 24 and c.
6
Suppose 2*j + 430 = 12*j. Suppose n = -n + 688. Calculate the greatest common factor of n and j.
43
Let o be 1/6 - (-1100)/24. Suppose u - o = -u. What is the greatest common factor of 23 and u?
23
Suppose 0*s = -5*s. Suppose s = -4*k + 19 - 119. Let h = k + 40. Calculate the greatest common factor of h and 60.
15
Suppose -11*h + 4*a = -10*h - 800, 4*h = -5*a + 3221. What is the highest common divisor of 12 and h?
12
Suppose 31 = y + 13. Suppose 5*g + 8 = 5*x - 2, -3*x + 5*g + 6 = 0. Calculate the highest common factor of y and x.
2
Let x be (28/49)/((-2)/(-7)). Suppose x = 3*u - 7. What is the greatest common divisor of u and 3?
3
Let b(q) = -30*q - 138. Let n be b(-5). Calculate the highest common divisor of n and 52.
4
Suppose -4*z - 5 = 3*q - 108, 2*z + 5*q - 69 = 0. Calculate the highest common factor of 242 and z.
22
Suppose 0 = 11*w - 13*w. Suppose -4*k + k + 816 = w. Calculate the greatest common divisor of k and 34.
34
Let q(l) = -l**3 - 3*l**2 - 5*l + 12. Let s be q(0). Suppose -246 = -4*u - a - a, 2*u - 108 = 4*a. Calculate the highest common factor of u and s.
12
Let g = 69 - 49. Suppose -2*b - 3*p = -2*p - 1408, -3*p + 2814 = 4*b. Suppose -11*v + 1055 = -b. Calculate the highest common factor of v and g.
20
Let a(b) = -b**2 + 9*b - 4. Let l be a(8). Let o be (-54)/(-3 + 1) - -1. Let m = -18 + o. What is the greatest common divisor of m and l?
2
Suppose 0 = -5*o + 15, 4*r - r + 5*o - 180 = 0. Suppose p + 3*p = 4, -3*n - 4*p = -103. What is the highest common factor of n and r?
11
Let s = 55 + -11. Suppose u = -28 + 318. Suppose -u + 92 = -3*l. What is the highest common divisor of l and s?
22
Let o(l) = l**3 + 6*l**2 - 6. Let g be o(-2). Let b(f) = 2*f**3 - f - 1. Let k be b(-2). Let z = k + 55. Calculate the highest common divisor of g and z.
10
Let i be (-4)/(-6) - (3408/(-18))/4. Calculate the highest common divisor of 144 and i.
48
Let t be -5 - (0 + -3) - -54. What is the highest common divisor of 676 and t?
52
Suppose -5*b + 6790 = w, 0 = -6*b + 9*b + 5*w - 4096. Calculate the highest common divisor of b and 59.
59
Suppose 0 = -29*i + 36*i - 2632. Calculate the highest common factor of 235 and i.
47
Let t = -26 + 14. Let l = t - -35. What is the greatest common divisor of 115 and l?
23
Let h be ((-1)/2)/(1/(-28)). Let r be 3289/115 + (-1*(-18)/(-30))/1. Calculate the greatest common factor of h and r.
14
Let a be -6*(3 - (-10)/18*-6). Let h be (-142)/(-6) + (-10)/6 + a. Calculate the highest common divisor of h and 168.
24
Let q be (-1 + (-2 - 7))*-2. Suppose -18*t = -15*t. Suppose t = 2*h - m - 14, m + 4 = 3*m. What is the greatest common divisor of q and h?
4
Let w = -180 - -188. Suppose 36*l - 32*l = w. Let p = 11 + -5. Calculate the greatest common factor of l and p.
2
Let t = 131 + -96. Suppose -2 = 2*i - 16. Calculate the greatest common divisor of i and t.
7
Suppose 5*q = -15 + 35. Suppose -212 + 788 = q*r. Let m = r - -76. What is the highest common divisor of 22 and m?
22
Suppose n - 15 = -3*c, 2*n = -8*c + 13*c - 25. Let m be (-148 - 0)*((-90)/8)/c. What is the greatest common divisor of 37 and m?
37
Let p(j) = j**3 - 3*j + 3. Let h be p(2). Suppose 3*o - 4*o - 4*i + 10 = 0, o = h*i + 28. What is the greatest common factor of 54 and o?
18
Let g = 238 + -73. Let o = 282 - g. Let x be (-8)/7 + (-10395)/(-735). What is the highest common divisor of x and o?
13
Let l = 572 - 527. What is the highest common factor of 765 and l?
45
Let w be (-1 - 4/(-3))/(6/54). Suppose -5*o + w*t = -103, -6*t - 5 = -t. What is the greatest common factor of o and 140?
20
Let g(a) = a + 10. Let q be g(-13). Let k be (q/(-2))/((-3)/(-4)). What is the highest common factor of k and 18?
2
Suppose s - 1436 = -5*o, -8*s = -3*s + 3*o - 7092. Calculate the greatest common divisor of 24 and s.
24
Let s(p) = -13*p - 22. Let i be s(-6). What is the greatest common divisor of i and 504?
56
Let g be (1 + 104/6)/((-28)/(-84)). What is the greatest common divisor of g and 25?
5
Let q = 161 - 133. What is the greatest common factor of q and 98?
14
Suppose -50 = -8*t - 2*t. Let x be (0 - (-54)/4) + t/(-10). What is the greatest common divisor of 2 and x?
1
Let t(d) = -d + 4. Let p be t(6). Let m be (-37)/(-4) - p/(-8). Let j = 19 - m. What is the highest common divisor of j and 80?
10
Suppose 0 = 4*k - k. Let j be 0/(4 - k)*-1. Let w be 99 + -4 + j + 1. Calculate the highest common divisor of w and 32.
32
Suppose 3*r - 3*y = -39, 5*r + 3*y + 0*y = -57. Let a be (r/2)/((-1)/3). Calculate the highest common factor of 198 and a.
18
Let j be (-5)/(-20) + (-66)/8. Let s = 6 + j. Let g = 6 - s. Calculate the highest common factor of 8 and g.
8
Suppose -6*j + 1998 + 330 = 0. Calculate the greatest common divisor of j and 4.
4
Suppose z = -4*s + 62, 8*s = 5*z + 6*s - 420. Calculate the highest common factor of z and 369.
41
Let u = -98 + 182. Let x = -26 + 38. Calculate the highest common factor of u and x.
12
Let x be (-124)/186 - -109*(-4)/(-6). Calculate the greatest common factor of 792 and x.
72
Let z = 139 + -98. Let o = z - 19. Calculate the greatest common factor of o and 66.
22
Let p = 3 - 15. Let n = -11 - p. Calculate the highest common factor of 11 and n.
1
Suppose 342 = 77*p - 74*p. Let y = p + -38. What is the highest common factor of y and 19?
19
Suppose -2*w + 2*g = 0, 3*w - 5*g + 6 = w. Let x be w/(-6)*1 - 226/(-3). Calculate the highest common divisor of x and 15.
15
Suppose -18*m = -13*m - 90. Calculate the greatest common divisor of 135 and m.
9
Let n be 4/(-30) - 9/((-1215)/61443). What is the greatest common factor of n and 130?
65
Let z = -12 + 30. Suppose 181 = f - 965. Let y be 1 + f/8 - 9/36. Calculate the highest common divisor of y and z.
18
Suppose -17*f + 14*f = 12. Let i = 5 + -9. Let b be (i - 2)/(6/f). Calculate the greatest common factor of 1 and b.
1
Let k = -120 + 127. Suppose 127 - 512 = -k*t. Calculate the highest common divisor of t and 110.
55
Let u be (42/18)/((4/36)/1). Suppose -44 = -5*n + 61. Calculate the highest common factor of u and n.
21
Suppose 0 = -3*w + 13 - 4. Suppose -12 = -h - w*h. Suppose 60 = 3*l + l. Calculate the highest common divisor of h and l.
3
Let j be (5 - 10/5 - -1)*29. What is the highest common factor of j and 145?
29
Suppose y - 13 = 2. Let d be (y/(-2))/(6/(-4)). Calculate the greatest common divisor of d and 1.
1
Let u be (-10)/(-4)*36/30. Suppose d + 0*d - 48 = -u*o, -3*d + 112 = o. Calculate the greatest common factor of d and 24.
12
Suppose -3*k + 5*y - 50 = 0, -3*k + 4*k + 2*y + 35 = 0. Let n = k + 23. Let g be 9/(n/(18/(-3))). Calculate the highest common divisor of g and 81.
27
Let j(l) = 2*l + 1. Let y be j(-3). Let i(p) = -74 - 4*p + 24 + 24 + 27. Let m be i(y). Calculate the greatest common factor of m and 147.
21
Suppose -5 + 13 = 4*v. Suppose 10 = 5*n, 2*p - 76 = 2*n + v*n. Calculate the highest common factor of 105 and p.
21
Let u = 904 + -886. Calculate the greatest common factor of 16 and u.
2
Suppose 0 = -9*c + c + 512. What is the greatest common factor of 48 and c?
16
Suppose -4*s = -14*s - 70. Let x be (-141)/s + 9/(-63). Calculate the greatest common factor of x and 10.
10
Let x be (-16)/12*(-3)/2. Let g be (2 + x)/(2/5). Let v(k) = -k**3 - 10*k**2 - 11*k - 3. Let z be v(-9). What is the greatest common factor of z and g?
5
Let j = -53 - -47. Let l(s) = -5*s + 4. Let d be l(3). Let z = j - d. What is the highest common factor of 40 and z?
5
Let b = -4 - -7. Suppose 15 = 5*m, -m = -b*i + 2*i + 78. Let q be 35/4 + 2*2/16. What is the greatest common divisor of i and q?
9
Suppose 4*g + g - 915 = 3*f, -377 = -2*g - f. Let l = g + -86. Suppose q = 3*q - 40. Calculate the greatest common divisor of l and q.
20
Let f = 3368 - 3324. Let y(b) = 199*b - 2. Let i be y(2). Calculate the highest common divisor of f and i.
44
Suppose 2*y - 2*m = 70, -5*y = 2*m + 52 - 255. Let b be (-6)/(-15) + y/15. Let o be 6/(b/(30 - 3)). What is the highest common factor of o and 6?
6
Suppose 208 - 33 = 7*i. Calculate the highest common factor of i and 275.
25
Let s be (-4)/(-2*2/(-20)). Let y = s - -24. Suppose -11 = -y*d - 5*u, 2*d - u + 7 = -6*u. What is the highest c